{"id":75,"date":"2017-08-22T16:01:43","date_gmt":"2017-08-22T15:01:43","guid":{"rendered":"http:\/\/musikkapelle-sauldorf.de\/?page_id=75"},"modified":"2017-08-24T09:25:21","modified_gmt":"2017-08-24T08:25:21","slug":"chronik","status":"publish","type":"page","link":"https:\/\/musikkapelle-sauldorf.de\/?page_id=75","title":{"rendered":"Chronik"},"content":{"rendered":"<h1 class=\"font_7\" style=\"text-align: center;\"><span style=\"color: #000080;\"><strong><span class=\"color_18\">Aus der GESCHICHTE\u00a0 der Musikkapelle Sauldorf<\/span><\/strong><\/span><\/h1>\n<p class=\"font_8\" style=\"text-align: center;\">Gegr\u00fcndet wurde die Musikkapelle Sauldorf im Jahr 1882. Damals fand sich eine Gruppe von zehn jungen und musikbegeisterten M\u00e4nnern zusammen. Allen Schwierigkeiten zum Trotz begannen sie Musik zu machen. Die dazu n\u00f6tige Ausbildung erhielten sie von Kaminfegermeister Stadler aus Me\u00dfkirch. Damit sie die Ausbildung \u00fcberhaupt in Anspruch nehmen konnten machten sie sich jede Woche zu Fu\u00df auf den Weg nach Me\u00dfkirch. Um vorhandene finanzielle Schwierigkeiten zu \u00fcberwinden bem\u00fchten sie sich um zahlreiche Auftritte in der Region. Bei den vielen Hochzeiten in diesen Jahren bot sich daf\u00fcr h\u00e4ufig die Gelegenheit. So k\u00e4mpfte sich die Kapelle langsam nach oben und bestand zur Freude der Gemeinde bis ins Jahr 1914. Hier gebot ihr der Ausbruch des 1. Weltkrieges Einhalt.<\/p>\n<p style=\"text-align: center;\"><img decoding=\"async\" loading=\"lazy\" class=\"wp-image-136 aligncenter\" src=\"http:\/\/musikkapelle-sauldorf.de\/wp-content\/uploads\/2017\/08\/b280e2_3470f8aea2714030af6a8b0bc0990af2-300x153.jpg\" alt=\"\" width=\"550\" height=\"280\" srcset=\"https:\/\/musikkapelle-sauldorf.de\/wp-content\/uploads\/2017\/08\/b280e2_3470f8aea2714030af6a8b0bc0990af2-300x153.jpg 300w, https:\/\/musikkapelle-sauldorf.de\/wp-content\/uploads\/2017\/08\/b280e2_3470f8aea2714030af6a8b0bc0990af2-375x191.jpg 375w, https:\/\/musikkapelle-sauldorf.de\/wp-content\/uploads\/2017\/08\/b280e2_3470f8aea2714030af6a8b0bc0990af2.jpg 486w\" sizes=\"(max-width: 550px) 100vw, 550px\" \/>Musikkapelle um die Jahrhundertwende:<br \/>\nv.l.: Hermann Matheis, Sigmund Abreder, Hermann Abreder, Martin Wilhelm,<br \/>\nOskar Matheis, Josef Reichle, Benedig Schmid<\/p>\n<p>&nbsp;<\/p>\n<p class=\"font_7\" style=\"text-align: center;\">Im Jahr 1921 wurde die Tradition der Anfangszeit wieder aufgenommen. Zw\u00f6lf musikbegeisterte M\u00e4nner pr\u00e4sentierten sich damals als Musikkapelle Sauldorf-Roth. Karl Gabele leitete diese Kapelle lange Jahre als Dirigent. Begleitet und unterst\u00fctzt wurde die Kapelle von Musikmeister Seebacher aus Stockach. Die anf\u00e4nglichen finanziellen Schwierigkeiten konnten in der Inflationszeit leichter \u00fcberwunden werden, so dass sich die Kapelle verst\u00e4rkt ihrem eigentlichen Zweck, der Unterhaltungsmusik, widmen konnte. Ab dem Jahr 1933 nannte sich die Kapelle \u201eN.S. Bauernschafts-Musikkapelle\u201c. Im gleichen Jahr wurde sie auch in den W\u00fcrttemberg-Badischen Musikverband und in den S\u00fcdwest-Deutschen Musikbund e.V. aufgenommen. So bestand die Kapelle bis ins Jahr 1940, in welchem ihr der inzwischen ausgebrochene 2. Weltkrieg ein weiteres j\u00e4hes Ende setzte.<\/p>\n<p class=\"font_7\" style=\"text-align: center;\">Der furchtbare Krieg riss gro\u00dfe und schmerzliche L\u00fccken. Trotzdem entstand im Jahr 1949, auf Anregung des fr\u00fcheren Dirigenten Karl Gabele, in Sauldorf wieder eine Musikkapelle. Vierzehn junge Nachwuchsmusikanten und drei aus dem Krieg zur\u00fcckgekehrte ehemalige Musiker sammelten sich um Karl Gabele, welcher erneut zum Dirigenten bestellt wurde. Er f\u00fchrte die Kapelle in kurzer Zeit auf ein beachtliches Niveau. Im Jahr 1954 legte der langj\u00e4hrige Dirigent dann den Taktstock nieder. Von dort an \u00fcbernahm Hubert Hipp dieses Amt. 1956, sieben Jahre nach der Neugr\u00fcndung, pr\u00e4sentierte sich die Musikkapelle beim Weihnachtskonzert in einer neuen Uniform.<\/p>\n<p><img decoding=\"async\" loading=\"lazy\" class=\"wp-image-141 aligncenter\" src=\"http:\/\/musikkapelle-sauldorf.de\/wp-content\/uploads\/2017\/08\/b280e2_62aa118410744cb8abe156578d750be7-300x227.jpg\" alt=\"\" width=\"525\" height=\"397\" srcset=\"https:\/\/musikkapelle-sauldorf.de\/wp-content\/uploads\/2017\/08\/b280e2_62aa118410744cb8abe156578d750be7-300x227.jpg 300w, https:\/\/musikkapelle-sauldorf.de\/wp-content\/uploads\/2017\/08\/b280e2_62aa118410744cb8abe156578d750be7-375x283.jpg 375w, https:\/\/musikkapelle-sauldorf.de\/wp-content\/uploads\/2017\/08\/b280e2_62aa118410744cb8abe156578d750be7.jpg 515w\" sizes=\"(max-width: 525px) 100vw, 525px\" \/><\/p>\n<p class=\"font_8\" style=\"text-align: center;\">Musikkapelle Sauldorf im Jahre 1925: 1. Reihe v.l.: Eugen J\u00f6rg, Stefan Hafner<br \/>\n2. Reihe v.l.: Hermann Back, Richard Hagen, Hermann Kempter, Eugen K\u00e4stle,<br \/>\nEugen H\u00e4usler, Karl Gabele<br \/>\n3. Reihe v.l.: Matth\u00e4us Kempter, Anton Back, Otto Gabele, Leo H\u00e4usler, Josef M\u00fchlherr I.<\/p>\n<p class=\"font_8\" style=\"text-align: center;\">Im Jahr 1957 konnte die Kapelle bereits auf ein 75-j\u00e4hriges Bestehen zur\u00fcckblicken. Im Juli feierte sie diesesEREIGNIS\u00a0drei Tage lang. 21 Gastkapellen marschierten bei einem Festumzug, der mit dem Bezirksmusikfest der Gruppe 2 des Seegau-Linzgau Volksmusikverbandes verbunden wurde, durch Sauldorfs Stra\u00dfen. Der Jubil\u00e4umskapelle geh\u00f6rten damals 20 Musikanten an. Ein Jahr sp\u00e4ter wurde die gesamte Einwohnerschaft aufgefordert f\u00fcr ein Weihnachtskonzert die beliebtesten St\u00fccke auszuw\u00e4hlen. Beim Konzert durfte sie dann im \u00fcberf\u00fcllten Kronensaal den gew\u00fcnschten St\u00fccken lauschen. 1967 feierte die Musikkapelle mit der gesamten Gemeinde ein dreit\u00e4giges Sommerfest. 1972 legte Hubert Hipp schlie\u00dflich das Amt des Dirigenten nieder. Es wurde von Hermann M\u00fchlherr \u00fcbernommen. 1977 wurde das Probelokal, das sogenannte alte \u201eSpritzenhaus\u201c, renoviert, so dass die Musikkapelle nun einen gr\u00f6\u00dferen und sch\u00f6neren Probenraum zur Verf\u00fcgung hatte.<\/p>\n<p><img decoding=\"async\" loading=\"lazy\" class=\"wp-image-167 aligncenter\" src=\"http:\/\/musikkapelle-sauldorf.de\/wp-content\/uploads\/2017\/08\/b280e2_5158a62df8564415aeae715877fbadef-300x190.jpg\" alt=\"\" width=\"595\" height=\"377\" srcset=\"https:\/\/musikkapelle-sauldorf.de\/wp-content\/uploads\/2017\/08\/b280e2_5158a62df8564415aeae715877fbadef-300x190.jpg 300w, https:\/\/musikkapelle-sauldorf.de\/wp-content\/uploads\/2017\/08\/b280e2_5158a62df8564415aeae715877fbadef-375x238.jpg 375w, https:\/\/musikkapelle-sauldorf.de\/wp-content\/uploads\/2017\/08\/b280e2_5158a62df8564415aeae715877fbadef.jpg 750w\" sizes=\"(max-width: 595px) 100vw, 595px\" \/><\/p>\n<p style=\"text-align: center;\">Musikkapelle Sauldorf im Jahre 1957: 1. Reihe v.l.: Robert Back, Hermann M\u00fchlherr, Fritz Back, Erich Merz, Hubert Hipp, Josef Blender, Hermann Hipp, Karl Stadler,\u00a0Konrad Hipp<br \/>\n2. Reihe v.l.: Josef Hipp, Sigmund Gabele, Anton Kempter, Alfons Back, Paul Laicher, Emil Hagen, Jakob Ott, Josef Boos<br \/>\n3. Reihe v.l.: Walter Matheis, Anton L\u00e4ngle, Josef M\u00fchlherr<\/p>\n<p style=\"text-align: center;\">1982 durfte die Kapelle ihr hundertj\u00e4hriges Bestehen feiern. Sie z\u00e4hlte zu dieser Zeit 26 Musikanten. Das Jubil\u00e4um wurde 1983 mit einem Festwochenende begangen. Durch Sauldorfs Stra\u00dfen f\u00fchrte wie bereits beim 75-j\u00e4hrigen Jubil\u00e4um ein Festumzug mit befreundeten Kapellen aus der Umgebung. 1984 fand anl\u00e4sslich der Umgestaltung der Helgengasse ein Fest statt, bei dem die Musikkapelle zur musikalischen Gestaltung beitrug. Als die Kapelle im Jahr darauf ein \u00e4hnliches Fest veranstaltete, entstand aus dem Einweihungsfest der Helgengasse das Gassenfest, welches mittlerweile fest im Terminkalender der Musikkapelle und der Gesamtgemeinde verankert ist. 1985 \u00fcbergab Hermann M\u00fchlherr den Taktstock an Hermann Schellinger. Dieser behielt ihn nur ein Jahr und reichte ihn bereits1986 an Theodor Blender weiter. Weitere drei Jahre sp\u00e4ter, 1989, begann Manfred Steinmann sein langj\u00e4hriges Dirigentenamt.<\/p>\n<p><img decoding=\"async\" loading=\"lazy\" class=\"wp-image-172 aligncenter\" src=\"http:\/\/musikkapelle-sauldorf.de\/wp-content\/uploads\/2017\/08\/16-300x146.jpg\" alt=\"\" width=\"555\" height=\"270\" srcset=\"https:\/\/musikkapelle-sauldorf.de\/wp-content\/uploads\/2017\/08\/16-300x146.jpg 300w, https:\/\/musikkapelle-sauldorf.de\/wp-content\/uploads\/2017\/08\/16-375x183.jpg 375w, https:\/\/musikkapelle-sauldorf.de\/wp-content\/uploads\/2017\/08\/16.jpg 750w\" sizes=\"(max-width: 555px) 100vw, 555px\" \/><\/p>\n<p style=\"text-align: center;\">Musikkapelle Sauldorf im Jahre 1983: 1. Reihe v.l.: Helmut Brier, Konrad Hipp, Theodor Wischnewski, Norbert M\u00fchlherr, Siegfried Wischnewski, Michael Brennenstuhl, Ronald Reutebuch, Hermann Hipp sen., Fritz Back, Krankheitshalber nicht auf dem Bild: Christian Ott<br \/>\n2. Reihe v.l.: Josef Blender, Alfons Back, Martin Gabele, Paul Laicher, Erich Merz, Theodor Blender, Wolfgang Matheis, Klaus Matheis, Martin Matheis, Hermann M\u00fchlherr<br \/>\n3. Reihe v.l.: Peter H\u00f6re, Philipp Gabele, Jakob Ott, Berthold Wischnewski, Hermann Schellinger<\/p>\n<p class=\"font_7\" style=\"text-align: center;\">Neben dem Musizieren spielt in der Musikkapelle das Gemeinschaftsgef\u00fchl eine gro\u00dfe Rolle. So hat neben den musikalischen Fortschritten auch das gesellige Beisammensein der Musikkapelle in den letzten 30 Jahren einen angemessenen Rahmen bekommen. 1989 fand auf der H\u00fctte Kunterbunt in Hirschau ein Probenwochenende f\u00fcr ein Wertungsspiel der Jungmusiker statt. Aus diesem H\u00fcttenaufenthalt ist ein j\u00e4hrliches H\u00fcttenwochenende der gesamten\u00a0Kapelle geworden, bei dem die Geselligkeit zwischen den Musikkameradinnen und \u2013kameraden im Vordergrund steht. 1990 hat sich mit der Maiwanderung ein weiteres gemeinschaftliches Ereignis\u00a0etabliert. Seither findet am 01. Mai eine Wanderung mit anschlie\u00dfendem gem\u00fctlichem Beisammensein statt. Seit ca. 15 Jahren k\u00f6nnen sich die Musiker nach der Wanderung beim Spanferkelessen auf Philipp Gabeles Hof st\u00e4rken.<\/p>\n<p class=\"font_7\" style=\"text-align: center;\">Beim Jahreskonzert 1993 zeigte sich die Musikkapelle zum ersten Mal in ihrer neuen Uniform, welche sie auch heute noch bei ihren Auftritten tr\u00e4gt.<br \/>\nNach dreizehn Jahren legte Manfred Steinmann 2002 das Amt des Dirigenten nieder. Daraufhin gab Axel Matheis drei Jahre den Takt an, bis er das Amt 2005 an Silke Abreder weitergab.<\/p>\n<p><img decoding=\"async\" loading=\"lazy\" class=\"alignnone  wp-image-175\" src=\"http:\/\/musikkapelle-sauldorf.de\/wp-content\/uploads\/2017\/08\/17c-300x201.jpg\" alt=\"\" width=\"657\" height=\"440\" srcset=\"https:\/\/musikkapelle-sauldorf.de\/wp-content\/uploads\/2017\/08\/17c-300x201.jpg 300w, https:\/\/musikkapelle-sauldorf.de\/wp-content\/uploads\/2017\/08\/17c-375x250.jpg 375w, https:\/\/musikkapelle-sauldorf.de\/wp-content\/uploads\/2017\/08\/17c.jpg 750w\" sizes=\"(max-width: 657px) 100vw, 657px\" \/><\/p>\n<p>&nbsp;<\/p>\n","protected":false},"excerpt":{"rendered":"<p>Aus der GESCHICHTE\u00a0 der Musikkapelle Sauldorf Gegr\u00fcndet wurde die Musikkapelle Sauldorf im Jahr 1882. Damals fand sich eine Gruppe von zehn jungen und musikbegeisterten M\u00e4nnern zusammen. Allen Schwierigkeiten zum Trotz begannen sie Musik zu machen. Die dazu n\u00f6tige Ausbildung erhielten sie von Kaminfegermeister Stadler aus Me\u00dfkirch. Damit sie die Ausbildung \u00fcberhaupt in Anspruch nehmen konnten [&hellip;]<\/p>\n","protected":false},"author":2,"featured_media":0,"parent":10,"menu_order":1,"comment_status":"closed","ping_status":"closed","template":"","meta":[],"_links":{"self":[{"href":"https:\/\/musikkapelle-sauldorf.de\/index.php?rest_route=\/wp\/v2\/pages\/75"}],"collection":[{"href":"https:\/\/musikkapelle-sauldorf.de\/index.php?rest_route=\/wp\/v2\/pages"}],"about":[{"href":"https:\/\/musikkapelle-sauldorf.de\/index.php?rest_route=\/wp\/v2\/types\/page"}],"author":[{"embeddable":true,"href":"https:\/\/musikkapelle-sauldorf.de\/index.php?rest_route=\/wp\/v2\/users\/2"}],"replies":[{"embeddable":true,"href":"https:\/\/musikkapelle-sauldorf.de\/index.php?rest_route=%2Fwp%2Fv2%2Fcomments&post=75"}],"version-history":[{"count":23,"href":"https:\/\/musikkapelle-sauldorf.de\/index.php?rest_route=\/wp\/v2\/pages\/75\/revisions"}],"predecessor-version":[{"id":176,"href":"https:\/\/musikkapelle-sauldorf.de\/index.php?rest_route=\/wp\/v2\/pages\/75\/revisions\/176"}],"up":[{"embeddable":true,"href":"https:\/\/musikkapelle-sauldorf.de\/index.php?rest_route=\/wp\/v2\/pages\/10"}],"wp:attachment":[{"href":"https:\/\/musikkapelle-sauldorf.de\/index.php?rest_route=%2Fwp%2Fv2%2Fmedia&parent=75"}],"curies":[{"name":"wp","href":"https:\/\/api.w.org\/{rel}","templated":true}]}}

<h1 class="font_7" style="text-align: center;"><span style="color: #000080;"><strong><span class="color_18">Aus der GESCHICHTE  der Musikkapelle Sauldorf</span></strong></span></h1>
<p class="font_8" style="text-align: center;">Gegründet wurde die Musikkapelle Sauldorf im Jahr 1882. Damals fand sich eine Gruppe von zehn jungen und musikbegeisterten Männern zusammen. Allen Schwierigkeiten zum Trotz begannen sie Musik zu machen. Die dazu nötige Ausbildung erhielten sie von Kaminfegermeister Stadler aus Meßkirch. Damit sie die Ausbildung überhaupt in Anspruch nehmen konnten machten sie sich jede Woche zu Fuß auf den Weg nach Meßkirch. Um vorhandene finanzielle Schwierigkeiten zu überwinden bemühten sie sich um zahlreiche Auftritte in der Region. Bei den vielen Hochzeiten in diesen Jahren bot sich dafür häufig die Gelegenheit. So kämpfte sich die Kapelle langsam nach oben und bestand zur Freude der Gemeinde bis ins Jahr 1914. Hier gebot ihr der Ausbruch des 1. Weltkrieges Einhalt.</p>
<p style="text-align: center;"><img decoding="async" loading="lazy" class="wp-image-136 aligncenter" src="http://musikkapelle-sauldorf.de/wp-content/uploads/2017/08/b280e2_3470f8aea2714030af6a8b0bc0990af2-300x153.jpg" alt="" width="550" height="280" srcset="https://musikkapelle-sauldorf.de/wp-content/uploads/2017/08/b280e2_3470f8aea2714030af6a8b0bc0990af2-300x153.jpg 300w, https://musikkapelle-sauldorf.de/wp-content/uploads/2017/08/b280e2_3470f8aea2714030af6a8b0bc0990af2-375x191.jpg 375w, https://musikkapelle-sauldorf.de/wp-content/uploads/2017/08/b280e2_3470f8aea2714030af6a8b0bc0990af2.jpg 486w" sizes="(max-width: 550px) 100vw, 550px" />Musikkapelle um die Jahrhundertwende:<br />
v.l.: Hermann Matheis, Sigmund Abreder, Hermann Abreder, Martin Wilhelm,<br />
Oskar Matheis, Josef Reichle, Benedig Schmid</p>
<p>&nbsp;</p>
<p class="font_7" style="text-align: center;">Im Jahr 1921 wurde die Tradition der Anfangszeit wieder aufgenommen. Zwölf musikbegeisterte Männer präsentierten sich damals als Musikkapelle Sauldorf-Roth. Karl Gabele leitete diese Kapelle lange Jahre als Dirigent. Begleitet und unterstützt wurde die Kapelle von Musikmeister Seebacher aus Stockach. Die anfänglichen finanziellen Schwierigkeiten konnten in der Inflationszeit leichter überwunden werden, so dass sich die Kapelle verstärkt ihrem eigentlichen Zweck, der Unterhaltungsmusik, widmen konnte. Ab dem Jahr 1933 nannte sich die Kapelle „N.S. Bauernschafts-Musikkapelle“. Im gleichen Jahr wurde sie auch in den Württemberg-Badischen Musikverband und in den Südwest-Deutschen Musikbund e.V. aufgenommen. So bestand die Kapelle bis ins Jahr 1940, in welchem ihr der inzwischen ausgebrochene 2. Weltkrieg ein weiteres jähes Ende setzte.</p>
<p class="font_7" style="text-align: center;">Der furchtbare Krieg riss große und schmerzliche Lücken. Trotzdem entstand im Jahr 1949, auf Anregung des früheren Dirigenten Karl Gabele, in Sauldorf wieder eine Musikkapelle. Vierzehn junge Nachwuchsmusikanten und drei aus dem Krieg zurückgekehrte ehemalige Musiker sammelten sich um Karl Gabele, welcher erneut zum Dirigenten bestellt wurde. Er führte die Kapelle in kurzer Zeit auf ein beachtliches Niveau. Im Jahr 1954 legte der langjährige Dirigent dann den Taktstock nieder. Von dort an übernahm Hubert Hipp dieses Amt. 1956, sieben Jahre nach der Neugründung, präsentierte sich die Musikkapelle beim Weihnachtskonzert in einer neuen Uniform.</p>
<p><img decoding="async" loading="lazy" class="wp-image-141 aligncenter" src="http://musikkapelle-sauldorf.de/wp-content/uploads/2017/08/b280e2_62aa118410744cb8abe156578d750be7-300x227.jpg" alt="" width="525" height="397" srcset="https://musikkapelle-sauldorf.de/wp-content/uploads/2017/08/b280e2_62aa118410744cb8abe156578d750be7-300x227.jpg 300w, https://musikkapelle-sauldorf.de/wp-content/uploads/2017/08/b280e2_62aa118410744cb8abe156578d750be7-375x283.jpg 375w, https://musikkapelle-sauldorf.de/wp-content/uploads/2017/08/b280e2_62aa118410744cb8abe156578d750be7.jpg 515w" sizes="(max-width: 525px) 100vw, 525px" /></p>
<p class="font_8" style="text-align: center;">Musikkapelle Sauldorf im Jahre 1925: 1. Reihe v.l.: Eugen Jörg, Stefan Hafner<br />
2. Reihe v.l.: Hermann Back, Richard Hagen, Hermann Kempter, Eugen Kästle,<br />
Eugen Häusler, Karl Gabele<br />
3. Reihe v.l.: Matthäus Kempter, Anton Back, Otto Gabele, Leo Häusler, Josef Mühlherr I.</p>
<p class="font_8" style="text-align: center;">Im Jahr 1957 konnte die Kapelle bereits auf ein 75-jähriges Bestehen zurückblicken. Im Juli feierte sie diesesEREIGNIS drei Tage lang. 21 Gastkapellen marschierten bei einem Festumzug, der mit dem Bezirksmusikfest der Gruppe 2 des Seegau-Linzgau Volksmusikverbandes verbunden wurde, durch Sauldorfs Straßen. Der Jubiläumskapelle gehörten damals 20 Musikanten an. Ein Jahr später wurde die gesamte Einwohnerschaft aufgefordert für ein Weihnachtskonzert die beliebtesten Stücke auszuwählen. Beim Konzert durfte sie dann im überfüllten Kronensaal den gewünschten Stücken lauschen. 1967 feierte die Musikkapelle mit der gesamten Gemeinde ein dreitägiges Sommerfest. 1972 legte Hubert Hipp schließlich das Amt des Dirigenten nieder. Es wurde von Hermann Mühlherr übernommen. 1977 wurde das Probelokal, das sogenannte alte „Spritzenhaus“, renoviert, so dass die Musikkapelle nun einen größeren und schöneren Probenraum zur Verfügung hatte.</p>
<p><img decoding="async" loading="lazy" class="wp-image-167 aligncenter" src="http://musikkapelle-sauldorf.de/wp-content/uploads/2017/08/b280e2_5158a62df8564415aeae715877fbadef-300x190.jpg" alt="" width="595" height="377" srcset="https://musikkapelle-sauldorf.de/wp-content/uploads/2017/08/b280e2_5158a62df8564415aeae715877fbadef-300x190.jpg 300w, https://musikkapelle-sauldorf.de/wp-content/uploads/2017/08/b280e2_5158a62df8564415aeae715877fbadef-375x238.jpg 375w, https://musikkapelle-sauldorf.de/wp-content/uploads/2017/08/b280e2_5158a62df8564415aeae715877fbadef.jpg 750w" sizes="(max-width: 595px) 100vw, 595px" /></p>
<p style="text-align: center;">Musikkapelle Sauldorf im Jahre 1957: 1. Reihe v.l.: Robert Back, Hermann Mühlherr, Fritz Back, Erich Merz, Hubert Hipp, Josef Blender, Hermann Hipp, Karl Stadler, Konrad Hipp<br />
2. Reihe v.l.: Josef Hipp, Sigmund Gabele, Anton Kempter, Alfons Back, Paul Laicher, Emil Hagen, Jakob Ott, Josef Boos<br />
3. Reihe v.l.: Walter Matheis, Anton Längle, Josef Mühlherr</p>
<p style="text-align: center;">1982 durfte die Kapelle ihr hundertjähriges Bestehen feiern. Sie zählte zu dieser Zeit 26 Musikanten. Das Jubiläum wurde 1983 mit einem Festwochenende begangen. Durch Sauldorfs Straßen führte wie bereits beim 75-jährigen Jubiläum ein Festumzug mit befreundeten Kapellen aus der Umgebung. 1984 fand anlässlich der Umgestaltung der Helgengasse ein Fest statt, bei dem die Musikkapelle zur musikalischen Gestaltung beitrug. Als die Kapelle im Jahr darauf ein ähnliches Fest veranstaltete, entstand aus dem Einweihungsfest der Helgengasse das Gassenfest, welches mittlerweile fest im Terminkalender der Musikkapelle und der Gesamtgemeinde verankert ist. 1985 übergab Hermann Mühlherr den Taktstock an Hermann Schellinger. Dieser behielt ihn nur ein Jahr und reichte ihn bereits1986 an Theodor Blender weiter. Weitere drei Jahre später, 1989, begann Manfred Steinmann sein langjähriges Dirigentenamt.</p>
<p><img decoding="async" loading="lazy" class="wp-image-172 aligncenter" src="http://musikkapelle-sauldorf.de/wp-content/uploads/2017/08/16-300x146.jpg" alt="" width="555" height="270" srcset="https://musikkapelle-sauldorf.de/wp-content/uploads/2017/08/16-300x146.jpg 300w, https://musikkapelle-sauldorf.de/wp-content/uploads/2017/08/16-375x183.jpg 375w, https://musikkapelle-sauldorf.de/wp-content/uploads/2017/08/16.jpg 750w" sizes="(max-width: 555px) 100vw, 555px" /></p>
<p style="text-align: center;">Musikkapelle Sauldorf im Jahre 1983: 1. Reihe v.l.: Helmut Brier, Konrad Hipp, Theodor Wischnewski, Norbert Mühlherr, Siegfried Wischnewski, Michael Brennenstuhl, Ronald Reutebuch, Hermann Hipp sen., Fritz Back, Krankheitshalber nicht auf dem Bild: Christian Ott<br />
2. Reihe v.l.: Josef Blender, Alfons Back, Martin Gabele, Paul Laicher, Erich Merz, Theodor Blender, Wolfgang Matheis, Klaus Matheis, Martin Matheis, Hermann Mühlherr<br />
3. Reihe v.l.: Peter Höre, Philipp Gabele, Jakob Ott, Berthold Wischnewski, Hermann Schellinger</p>
<p class="font_7" style="text-align: center;">Neben dem Musizieren spielt in der Musikkapelle das Gemeinschaftsgefühl eine große Rolle. So hat neben den musikalischen Fortschritten auch das gesellige Beisammensein der Musikkapelle in den letzten 30 Jahren einen angemessenen Rahmen bekommen. 1989 fand auf der Hütte Kunterbunt in Hirschau ein Probenwochenende für ein Wertungsspiel der Jungmusiker statt. Aus diesem Hüttenaufenthalt ist ein jährliches Hüttenwochenende der gesamten Kapelle geworden, bei dem die Geselligkeit zwischen den Musikkameradinnen und –kameraden im Vordergrund steht. 1990 hat sich mit der Maiwanderung ein weiteres gemeinschaftliches Ereignis etabliert. Seither findet am 01. Mai eine Wanderung mit anschließendem gemütlichem Beisammensein statt. Seit ca. 15 Jahren können sich die Musiker nach der Wanderung beim Spanferkelessen auf Philipp Gabeles Hof stärken.</p>
<p class="font_7" style="text-align: center;">Beim Jahreskonzert 1993 zeigte sich die Musikkapelle zum ersten Mal in ihrer neuen Uniform, welche sie auch heute noch bei ihren Auftritten trägt.<br />
Nach dreizehn Jahren legte Manfred Steinmann 2002 das Amt des Dirigenten nieder. Daraufhin gab Axel Matheis drei Jahre den Takt an, bis er das Amt 2005 an Silke Abreder weitergab.</p>
<p><img decoding="async" loading="lazy" class="alignnone  wp-image-175" src="http://musikkapelle-sauldorf.de/wp-content/uploads/2017/08/17c-300x201.jpg" alt="" width="657" height="440" srcset="https://musikkapelle-sauldorf.de/wp-content/uploads/2017/08/17c-300x201.jpg 300w, https://musikkapelle-sauldorf.de/wp-content/uploads/2017/08/17c-375x250.jpg 375w, https://musikkapelle-sauldorf.de/wp-content/uploads/2017/08/17c.jpg 750w" sizes="(max-width: 657px) 100vw, 657px" /></p>
<p>&nbsp;</p>

<p>Aus der GESCHICHTE  der Musikkapelle Sauldorf Gegründet wurde die Musikkapelle Sauldorf im Jahr 1882. Damals fand sich eine Gruppe von zehn jungen und musikbegeisterten Männern zusammen. Allen Schwierigkeiten zum Trotz begannen sie Musik zu machen. Die dazu nötige Ausbildung erhielten sie von Kaminfegermeister Stadler aus Meßkirch. Damit sie die Ausbildung überhaupt in Anspruch nehmen konnten [&hellip;]</p>
