{"id":73,"date":"2017-08-22T16:00:41","date_gmt":"2017-08-22T15:00:41","guid":{"rendered":"http:\/\/musikkapelle-sauldorf.de\/?page_id=73"},"modified":"2024-10-08T17:18:49","modified_gmt":"2024-10-08T16:18:49","slug":"vorstandschaft","status":"publish","type":"page","link":"https:\/\/musikkapelle-sauldorf.de\/?page_id=73","title":{"rendered":"Vorstandschaft"},"content":{"rendered":"<p><img decoding=\"async\" loading=\"lazy\" class=\"alignnone  wp-image-280 aligncenter\" src=\"https:\/\/musikkapelle-sauldorf.de\/wp-content\/uploads\/2024\/10\/642A0738-300x214.jpg\" alt=\"\" width=\"400\" height=\"285\" srcset=\"https:\/\/musikkapelle-sauldorf.de\/wp-content\/uploads\/2024\/10\/642A0738-300x214.jpg 300w, https:\/\/musikkapelle-sauldorf.de\/wp-content\/uploads\/2024\/10\/642A0738-1024x731.jpg 1024w, https:\/\/musikkapelle-sauldorf.de\/wp-content\/uploads\/2024\/10\/642A0738-768x549.jpg 768w, https:\/\/musikkapelle-sauldorf.de\/wp-content\/uploads\/2024\/10\/642A0738-1536x1097.jpg 1536w, https:\/\/musikkapelle-sauldorf.de\/wp-content\/uploads\/2024\/10\/642A0738-2048x1463.jpg 2048w, https:\/\/musikkapelle-sauldorf.de\/wp-content\/uploads\/2024\/10\/642A0738-1200x857.jpg 1200w, https:\/\/musikkapelle-sauldorf.de\/wp-content\/uploads\/2024\/10\/642A0738-375x268.jpg 375w, https:\/\/musikkapelle-sauldorf.de\/wp-content\/uploads\/2024\/10\/642A0738-760x543.jpg 760w\" sizes=\"(max-width: 400px) 100vw, 400px\" \/><\/p>\n<p style=\"text-align: center;\">1.Vorstand: Daniel H\u00f6re<br \/>\n2.Vorstand: Thomas Rokweiler<\/p>\n<p><img decoding=\"async\" loading=\"lazy\" class=\" wp-image-281 aligncenter\" src=\"https:\/\/musikkapelle-sauldorf.de\/wp-content\/uploads\/2024\/10\/642A0706-300x214.jpg\" alt=\"\" width=\"400\" height=\"285\" srcset=\"https:\/\/musikkapelle-sauldorf.de\/wp-content\/uploads\/2024\/10\/642A0706-300x214.jpg 300w, https:\/\/musikkapelle-sauldorf.de\/wp-content\/uploads\/2024\/10\/642A0706-1024x731.jpg 1024w, https:\/\/musikkapelle-sauldorf.de\/wp-content\/uploads\/2024\/10\/642A0706-768x549.jpg 768w, https:\/\/musikkapelle-sauldorf.de\/wp-content\/uploads\/2024\/10\/642A0706-1536x1097.jpg 1536w, https:\/\/musikkapelle-sauldorf.de\/wp-content\/uploads\/2024\/10\/642A0706-2048x1463.jpg 2048w, https:\/\/musikkapelle-sauldorf.de\/wp-content\/uploads\/2024\/10\/642A0706-1200x857.jpg 1200w, https:\/\/musikkapelle-sauldorf.de\/wp-content\/uploads\/2024\/10\/642A0706-375x268.jpg 375w, https:\/\/musikkapelle-sauldorf.de\/wp-content\/uploads\/2024\/10\/642A0706-760x543.jpg 760w\" sizes=\"(max-width: 400px) 100vw, 400px\" \/><\/p>\n<p style=\"text-align: center;\">Kassierer: Tobias Gabele und Lea Wischnewski<\/p>\n<p><img decoding=\"async\" loading=\"lazy\" class=\"alignnone  wp-image-282 aligncenter\" src=\"https:\/\/musikkapelle-sauldorf.de\/wp-content\/uploads\/2024\/10\/642A0729-300x214.jpg\" alt=\"\" width=\"400\" height=\"285\" srcset=\"https:\/\/musikkapelle-sauldorf.de\/wp-content\/uploads\/2024\/10\/642A0729-300x214.jpg 300w, https:\/\/musikkapelle-sauldorf.de\/wp-content\/uploads\/2024\/10\/642A0729-1024x731.jpg 1024w, https:\/\/musikkapelle-sauldorf.de\/wp-content\/uploads\/2024\/10\/642A0729-768x549.jpg 768w, https:\/\/musikkapelle-sauldorf.de\/wp-content\/uploads\/2024\/10\/642A0729-1536x1097.jpg 1536w, https:\/\/musikkapelle-sauldorf.de\/wp-content\/uploads\/2024\/10\/642A0729-2048x1463.jpg 2048w, https:\/\/musikkapelle-sauldorf.de\/wp-content\/uploads\/2024\/10\/642A0729-1200x857.jpg 1200w, https:\/\/musikkapelle-sauldorf.de\/wp-content\/uploads\/2024\/10\/642A0729-375x268.jpg 375w, https:\/\/musikkapelle-sauldorf.de\/wp-content\/uploads\/2024\/10\/642A0729-760x543.jpg 760w\" sizes=\"(max-width: 400px) 100vw, 400px\" \/><\/p>\n<p style=\"text-align: center;\">Schriftf\u00fchrerin: Lena Deschler<\/p>\n<p><img decoding=\"async\" loading=\"lazy\" class=\" wp-image-283 aligncenter\" src=\"https:\/\/musikkapelle-sauldorf.de\/wp-content\/uploads\/2024\/10\/642A0719-300x214.jpg\" alt=\"\" width=\"400\" height=\"285\" srcset=\"https:\/\/musikkapelle-sauldorf.de\/wp-content\/uploads\/2024\/10\/642A0719-300x214.jpg 300w, https:\/\/musikkapelle-sauldorf.de\/wp-content\/uploads\/2024\/10\/642A0719-1024x731.jpg 1024w, https:\/\/musikkapelle-sauldorf.de\/wp-content\/uploads\/2024\/10\/642A0719-768x549.jpg 768w, https:\/\/musikkapelle-sauldorf.de\/wp-content\/uploads\/2024\/10\/642A0719-1536x1097.jpg 1536w, https:\/\/musikkapelle-sauldorf.de\/wp-content\/uploads\/2024\/10\/642A0719-2048x1463.jpg 2048w, https:\/\/musikkapelle-sauldorf.de\/wp-content\/uploads\/2024\/10\/642A0719-1200x857.jpg 1200w, https:\/\/musikkapelle-sauldorf.de\/wp-content\/uploads\/2024\/10\/642A0719-375x268.jpg 375w, https:\/\/musikkapelle-sauldorf.de\/wp-content\/uploads\/2024\/10\/642A0719-760x543.jpg 760w\" sizes=\"(max-width: 400px) 100vw, 400px\" \/><\/p>\n<p style=\"text-align: center;\">Jugendleiter: Saskia M\u00fcller und Viola Reichle<\/p>\n<p><img decoding=\"async\" loading=\"lazy\" class=\" wp-image-284 aligncenter\" src=\"https:\/\/musikkapelle-sauldorf.de\/wp-content\/uploads\/2024\/10\/642A0698-300x214.jpg\" alt=\"\" width=\"400\" height=\"285\" srcset=\"https:\/\/musikkapelle-sauldorf.de\/wp-content\/uploads\/2024\/10\/642A0698-300x214.jpg 300w, https:\/\/musikkapelle-sauldorf.de\/wp-content\/uploads\/2024\/10\/642A0698-1024x731.jpg 1024w, https:\/\/musikkapelle-sauldorf.de\/wp-content\/uploads\/2024\/10\/642A0698-768x549.jpg 768w, https:\/\/musikkapelle-sauldorf.de\/wp-content\/uploads\/2024\/10\/642A0698-1536x1097.jpg 1536w, https:\/\/musikkapelle-sauldorf.de\/wp-content\/uploads\/2024\/10\/642A0698-2048x1463.jpg 2048w, https:\/\/musikkapelle-sauldorf.de\/wp-content\/uploads\/2024\/10\/642A0698-1200x857.jpg 1200w, https:\/\/musikkapelle-sauldorf.de\/wp-content\/uploads\/2024\/10\/642A0698-375x268.jpg 375w, https:\/\/musikkapelle-sauldorf.de\/wp-content\/uploads\/2024\/10\/642A0698-760x543.jpg 760w\" sizes=\"(max-width: 400px) 100vw, 400px\" \/><\/p>\n<p style=\"text-align: center;\">Beisitzer: Doris Gabele und Christian Rokweiler<\/p>\n<p><img decoding=\"async\" loading=\"lazy\" class=\" wp-image-285 aligncenter\" src=\"https:\/\/musikkapelle-sauldorf.de\/wp-content\/uploads\/2024\/10\/642A0752-300x214.jpg\" alt=\"\" width=\"400\" height=\"285\" srcset=\"https:\/\/musikkapelle-sauldorf.de\/wp-content\/uploads\/2024\/10\/642A0752-300x214.jpg 300w, https:\/\/musikkapelle-sauldorf.de\/wp-content\/uploads\/2024\/10\/642A0752-1024x731.jpg 1024w, https:\/\/musikkapelle-sauldorf.de\/wp-content\/uploads\/2024\/10\/642A0752-768x549.jpg 768w, https:\/\/musikkapelle-sauldorf.de\/wp-content\/uploads\/2024\/10\/642A0752-1536x1097.jpg 1536w, https:\/\/musikkapelle-sauldorf.de\/wp-content\/uploads\/2024\/10\/642A0752-2048x1463.jpg 2048w, https:\/\/musikkapelle-sauldorf.de\/wp-content\/uploads\/2024\/10\/642A0752-1200x857.jpg 1200w, https:\/\/musikkapelle-sauldorf.de\/wp-content\/uploads\/2024\/10\/642A0752-375x268.jpg 375w, https:\/\/musikkapelle-sauldorf.de\/wp-content\/uploads\/2024\/10\/642A0752-760x543.jpg 760w\" sizes=\"(max-width: 400px) 100vw, 400px\" \/><\/p>\n<p style=\"text-align: center;\">Dirigent: Mathias Wischnewski<\/p>\n<p><img decoding=\"async\" loading=\"lazy\" class=\"wp-image-286  aligncenter\" src=\"https:\/\/musikkapelle-sauldorf.de\/wp-content\/uploads\/2024\/10\/642A0692-300x214.jpg\" alt=\"\" width=\"400\" height=\"285\" srcset=\"https:\/\/musikkapelle-sauldorf.de\/wp-content\/uploads\/2024\/10\/642A0692-300x214.jpg 300w, https:\/\/musikkapelle-sauldorf.de\/wp-content\/uploads\/2024\/10\/642A0692-1024x731.jpg 1024w, https:\/\/musikkapelle-sauldorf.de\/wp-content\/uploads\/2024\/10\/642A0692-768x549.jpg 768w, https:\/\/musikkapelle-sauldorf.de\/wp-content\/uploads\/2024\/10\/642A0692-1536x1097.jpg 1536w, https:\/\/musikkapelle-sauldorf.de\/wp-content\/uploads\/2024\/10\/642A0692-2048x1463.jpg 2048w, https:\/\/musikkapelle-sauldorf.de\/wp-content\/uploads\/2024\/10\/642A0692-1200x857.jpg 1200w, https:\/\/musikkapelle-sauldorf.de\/wp-content\/uploads\/2024\/10\/642A0692-375x268.jpg 375w, https:\/\/musikkapelle-sauldorf.de\/wp-content\/uploads\/2024\/10\/642A0692-760x543.jpg 760w\" sizes=\"(max-width: 400px) 100vw, 400px\" \/><\/p>\n<p style=\"text-align: center;\">Von Links: Tobias Gabele, Doris Gabele, Mathias Wischnewski, Lena Deschler, Thomas Rokweiler,<br \/>\nSaskia M\u00fcller, Daniel H\u00f6re, Lea Wischnewski, Christian Rokweiler<\/p>\n","protected":false},"excerpt":{"rendered":"<p>1.Vorstand: Daniel H\u00f6re 2.Vorstand: Thomas Rokweiler Kassierer: Tobias Gabele und Lea Wischnewski Schriftf\u00fchrerin: Lena Deschler Jugendleiter: Saskia M\u00fcller und Viola Reichle Beisitzer: Doris Gabele und Christian Rokweiler Dirigent: Mathias Wischnewski Von Links: Tobias Gabele, Doris Gabele, Mathias Wischnewski, Lena Deschler, Thomas Rokweiler, Saskia M\u00fcller, Daniel H\u00f6re, Lea Wischnewski, Christian Rokweiler<\/p>\n","protected":false},"author":2,"featured_media":0,"parent":10,"menu_order":0,"comment_status":"closed","ping_status":"closed","template":"","meta":[],"_links":{"self":[{"href":"https:\/\/musikkapelle-sauldorf.de\/index.php?rest_route=\/wp\/v2\/pages\/73"}],"collection":[{"href":"https:\/\/musikkapelle-sauldorf.de\/index.php?rest_route=\/wp\/v2\/pages"}],"about":[{"href":"https:\/\/musikkapelle-sauldorf.de\/index.php?rest_route=\/wp\/v2\/types\/page"}],"author":[{"embeddable":true,"href":"https:\/\/musikkapelle-sauldorf.de\/index.php?rest_route=\/wp\/v2\/users\/2"}],"replies":[{"embeddable":true,"href":"https:\/\/musikkapelle-sauldorf.de\/index.php?rest_route=%2Fwp%2Fv2%2Fcomments&post=73"}],"version-history":[{"count":22,"href":"https:\/\/musikkapelle-sauldorf.de\/index.php?rest_route=\/wp\/v2\/pages\/73\/revisions"}],"predecessor-version":[{"id":287,"href":"https:\/\/musikkapelle-sauldorf.de\/index.php?rest_route=\/wp\/v2\/pages\/73\/revisions\/287"}],"up":[{"embeddable":true,"href":"https:\/\/musikkapelle-sauldorf.de\/index.php?rest_route=\/wp\/v2\/pages\/10"}],"wp:attachment":[{"href":"https:\/\/musikkapelle-sauldorf.de\/index.php?rest_route=%2Fwp%2Fv2%2Fmedia&parent=73"}],"curies":[{"name":"wp","href":"https:\/\/api.w.org\/{rel}","templated":true}]}}